uate -8 + -1 - (-89 + 84).
-4
What is the value of 4 + (-5 + 28 - -8)?
35
Calculate -30 + 15 + (-8 - -25).
2
What is (-30 - (-19 - 4)) + (-1 + 11 - 0)?
3
-12 - ((-27 - 2) + (-5 - -13))
9
(28 - 31) + (5 - 17 - -2)
-13
0 + -51 - (80 + (-26 - 68))
-37
(-13 - -10) + 18 + -25
-10
Calculate -1 + 0 + (-23 - -4 - -10).
-10
Evaluate 10 + -1 - (-209 + 214).
4
Calculate -19 - (-34 - (-5 + 2)).
12
Evaluate 17 - (-23 - (-20 - 6)).
14
What is the value of (-43 - 24) + 63 - (-21 + 0)?
17
What is the value of 56 + -60 + 44 + -21?
19
Calculate (2 - -12) + -17 - (1 - (3 - -2)).
1
Calculate 21 - (17 - (-27 + 24)).
1
What is -20 + (10 - 9) + 4 + 1 + 0?
-14
Calculate (-1 - 5 - -4) + -9.
-11
3 + -12 + 0 - (-55 + 62)
-16
Calculate (18 - 4) + (51 - 27).
38
(3 + -3 - 26) + 13 + -8
-21
What is the value of -23 - -44 - (2 - -16)?
3
What is the value of -7 + (-7 - -8) + 0 - -10?
4
Evaluate -37 - (4 + -5 - 0 - 13).
-23
Calculate 16 - ((1 - 4) + (-19 - (-25 - 0))).
13
-5 - (-3 - -4 - -7 - 3)
-10
Evaluate -2 + 6 + 2 + (-22 + -3 - -2).
-17
(169 - 166) + (-1 - -1)
3
What is -18 + 35 - (-13 - -45)?
-15
-74 - -74 - (-7 - (-1 + 0))
6
Evaluate (8 - -4 - 19) + (3 - -4).
0
(0 - 0 - 15) + -381 + 389
-7
What is (-2 + 5 - (26 - 28)) + (4 - -4)?
13
(6 - 2) + -1 + 3 - 1 - -5
10
What is the value of -8 + (3 - 2) + (-1 - 2)?
-10
What is 35 + -50 + (2 - (-21 + -7))?
15
Calculate (10 - 0) + 0 + (-80 - -62) + -4.
-12
Evaluate 1 + (0 + 5 + -5 - 2) - -23.
22
-18 - (-6 + -17 - -21)
-16
Calculate 9 + 15 + (17 - 38).
3
Evaluate (1 - -12) + -42 + (-4 - -45).
12
13 - (-23 - -11 - -10)
15
Calculate 9 - (23 - (9 - -4)).
-1
Evaluate 19 + (-5 - (6 + -3 - 10)).
21
15 - (1 + -20 + 26)
8
Evaluate 15 - 24 - (-29 - -40).
-20
4 + (-1 + -13 - 6)
-16
What is the value of 7 - ((361 - 366) + 3 + -1)?
10
(-290 - -301) + (2 - 9)
4
What is (10 - 7) + -14 - -6 - 0?
-5
Evaluate 17 - (1 - -4) - (-2 - 11 - -4).
21
What is the value of 2 - -9 - (31 + -29 + -8)?
17
Evaluate (59 - 77) + (-21 - (0 - 7)).
-32
What is the value of 5 + -505 + 499 + (4 + 0 - -1)?
4
Evaluate -7 - (-1 + 2 + -2) - (-1395 - -1399).
-10
Calculate -25 + 38 - ((7 - 5) + 0) - 9.
2
What is the value of 30 + -1 + -10 - 11?
8
Calculate -1 + 8 - (904 + -913).
16
What is the value of 1 + (46 - 27) - 15?
5
What is 0 + -6 + (7 - -2)?
3
What is (-116 - -132 - (-2 - -30)) + 12?
0
Evaluate 16 + -6 + (-14 - -6) - 0.
2
Evaluate (-1 - -15) + -226 + 194 - (-2 + 14).
-30
Calculate 22 + (-11 - -15) + -4 + -8.
14
-19 + 0 + 7 + 2
-10
What is the value of (51 - 31 - -3) + 1?
24
Calculate (-16 + (11 - 15) - 9) + 11.
-18
Evaluate 5 + 1 + 5 + -4 + 1.
8
What is -16 - (-30 + 17 + 19)?
-22
Calculate (10 - 15) + 12 - 10 - -12.
9
Evaluate (7 - (31 + -4)) + 15.
-5
Evaluate -1 - 5 - (21 - 23).
-4
Calculate -5 + 4 - (2 + 9).
-12
Evaluate (-38 + 64 - 24) + (11 - 0).
13
What is (4 - -1) + 138 + -139 + 8 + 0?
12
What is the value of (-21 - 1) + -180 + 193?
-9
Evaluate 1 - -2 - (-13 - -21 - (1 + 3)).
-1
What is the value of (-809 - -841) + -63 + 2?
-29
What is the value of -28 + -2 + 19 - -14 - (-1 - 18)?
22
Evaluate 2 + 0 + (23 - -12) + -22.
15
Calculate -18 + 25 + -23 + 28.
12
What is 5 + -1 + -6 + (-15 - (-10 - 10))?
3
16 - (-2 - -2) - (-390 - -389)
17
What is the value of -8 - (1 - 1 - (-54 - -62) - -10)?
-10
What is -4 + (-2 - (1 - (-5 + 4)) - -3)?
-5
Evaluate 16 - (15 + (2 - 4)).
3
(38 - (35 + -21)) + -2
22
What is 70 + -79 + 17 + -4?
4
Calculate (9 - -4) + (7 - 23).
-3
(-7 - 1) + (2 - -1) + (89 - 80)
4
What is -68 + 69 - (0 - 2 - -8)?
-5
What is (-2 - (5 + (-6 - 1) - -7)) + 17?
10
((-1 - -2) + -5 + 14 - -6) + -9
7
Evaluate (-107 - -101) + 8 + (-4 - -2) - -4.
4
What is -25 - -33 - (5 + -1) - (-25 + 8)?
21
2 - -29 - (-9 + 4 + 8)
28
Calculate (13 - 9 - 1 - 7) + (3 - -19).
18
Evaluate 18 + -14 + -9 + 5 + 2 + 0.
2
-2 - 2 - (16 + 13 + -10 - -5)
-28
Evaluate (-4 - -48) + -71 + -1 + 12.
-16
((2 - -7) + 5 - 2) + -27
-15
What is 9 + 0 + -4 + (19 - 8) + -21?
-5
What is the value of -2 + 23 + -2 + -7 + -1 + 13?
24
100 - 48 - 18 - 27
7
Calculate -4 - 3 - 3 - (-3 + -5).
-2
Calculate -6 - (-2 - -3 - 8 - 0 - -2).
-1
What is the value of (19 - 14 - (-6 - (4 + -9))) + -14?
-8
Calculate (1 + -1 - 4 - (-2 - -5)) + -6.
-13
Evaluate 11 + (7 - (11 - 2)) - (-5 + 0).
14
Evaluate 1 + ((8 - -13) + -14 - 47).
-39
Calculate 4 - (27 - (10 - (-1 + 6))).
-18
What is the value of 0 + -7 + 1 + (-5 - -1)?
-10
Calculate (-2 - (-21 + 28)) + 11.
2
(4 - -2) + -202 + 186 + 35 + 2
27
Calculate (1 + -2 - -8) + (-1 - (0 + -1)).
7
(5 - 7) + 0 - (3 - (-3 - -13))
5
Calculate (48 - 8) + (-10 - 41).
-11
9 - (-1 + (-41 - -42 - (-1 + -1)))
7
What is the value of -2 - 3 - (9 + -12 + 0)?
-2
What is (-26 - (1 + -7)) + 0 + 11?
-9
Evaluate -22 - (-22 + -22 + 0).
22
Evaluate (-98 - -110) + (-1 - 2).
9
Calculate 8 + (-9 - -10) + 6 + -15.
0
Calculate (-4 - 9 - (3 + -12)) + 6.
2
Evaluate -1 + (4 - (84 + -81 - (-1 + -3))).
-4
What is 41 - (-8 + (11 - 2) - -13)?
27
Calculate 37 + (-5 - -33 - 32).
33
Calculate -5 + -15 + (-3 - -15) - -2.
-6
What is -3 + 9 + 1 + -6 + (-10 - -18)?
9
0 + 2 + (-19 + 8 - -8)
-1
16 - (-6 - (-2 + -3 + -1))
16
What is (-5 - (-2 + -1)) + 17 + (-10 - -14)?
19
What is -286 - -308 - (-1 - -23)?
0
Evaluate 7 + 3 - (-6 - (-17 - -4)).
3
-27 + -10 + 2 + (3 - (-2 - 7))
-23
Evaluate 46 + -63 - (3 - 5).
-15
What is the value of 4 + -3 + (12 - 7) - -3?
9
What is 0 - -7 - ((-1 - -10) + -6 - -1)?
3
Calculate 6 + 12 - 14 - 5.
-1
What is 3 + -1 - (4 + -14)?
12
What is (-1 - (13 - (-1 + 13)) - -13) + -43?
-32
Evaluate -13 - ((-7 - -4) + 4 - 6) - -8.
0
What is the value of -3 - -17 - (-10 + 12)?
12
What is -1 + -7 + 12 + 9 - 22?
-9
(12 - (-12 - -36)) + (0 - 13) + 2
-23
Evaluate -8 + (-100 + 109 - (-5 - -1)).
5
-22 + -29 + (69 - 12)
6
Calculate -5 + 19 + 3 + 10 + (11 - 18).
20
Evaluate 1 - (-15 + (-6 - 2) + -3).
27
1 + 4 + 5 + -12 + 10
8
Calculate (96 + -77 - (12 - -1)) + 1.
7
13 - 8 - (11 - (-8 + 12)) - -6
4
What is the value of -31 + -36 + 61 - (-2 + (1 - -1))?
-6
-2 + 22 - 21 - 10
-11
Calculate -15 + (-4 + 8 - (-6 + 7 + -4)).
-8
What is the value of -41 + 1 + (3727 - 3661)?
26
Calculate -5 - (13 + 4 + -3 + -9 + -11).
1
-1 + 0 - (2 + 12 + (-47 - -41))
-9
What is the value of 13 + -38 + -14 + 27?
-12
Evaluate 7 + -28 - (36 - 58).
1
What is the value of 8 + (-2 - -1 - (7 + 11 + 1))?
-12
Evaluate -6 - -10 - -5 - (40 + -34).
3
2 - 3 - (20 - (-8 + 2 - -13))
-14
What is 1 - 4 - (1 + (-10 - 17) + 12)?
11
Evaluate 23 + -15 + 18 - (6 + -2).
22
Evaluate -90 - -53 - (7 + -47).
3
What is the value of 28 + (-3 - -1) + (0 - 4)?
22
What is -21 + 16 + 9 - (-4 - -3)?
5
Calculate (-25 - -23 - 19) + 17.
-4
-2 - (8 - 5) - 7 - 8
-20
Calculate -2 + -5 - 0 - -2.
-5
What is -93 + 25 + 26 - (0 + -2 + -5)?
-35
What is the value of 2 + (-3 + 2 - -6) + -2 + 6?
11
What is the value of (-12 - -18) + -2 - 4?
0
Calculate -3 + (-2 - -3) - (0 + -19).
17
Evaluate 11 + -3 + -9 + (-10 - -4).
-7
What is the value of -24 + 22 + 52 + -29?
21
Calculate -3 - 4 - (5 + 6 + (39 - 35)).
-22
(5 + -1 - -2) + (18 + -37 - -11)
-2
What is (-3 - -7 - (16 + -10)) + -6 + 3?
-5
7 + (73 - 76 - (-1 - -5))
0
-8 + (-4 - (-25 + 11))
2
What is the value of 14 - 1 - (-14 - -10)?
17
What is the value of 16 - (117 + -115 - (-10 + (3 - 1)))?
6
Calculate 1 + 0 + -4 - (44 - (18 - -36)).
7
What is (6 - (3 - 2 - (8 - 24))) + 4?
-7
Calculate 30 + (-25 - (-38 + 37)).
6
What is the value of 14 - (-19 - (-37 - -4))?
0
What is the value of (0 - (4 + -5 + 6)) + 7 + -1?
1
What is the value of -10 + (-36 - -15) + 15?
-16
Evaluate 70 - 68 - (-6 + 31).
-23
What is the value of (13 + -46 - -38) + 0 + 8?
13
Evaluate -8 + -1 + 2 - (28 + -19).
-16
What is the value of 2 + 5 + 1 + (9 - (-11 + 13))?
15
What is -6 - 0 - (5 + (5 - 1) + -6)?
-9
2 + (24 - (18 - 10 - (-8 - -14)))
24
Evaluate (-3 + 7 - (70 + -60)) + 12.
6
(6 - 40) + (-7 - -3) + (-28 - -29)
-37
Calculate 3 + (8 - 11) + 8 + -4.
4
What is 9 - (8 + (-4 - 2 - -6) + 6)?
-5
-8 + (23 - (1 + 15))
-1
Calculate (-15 - 22) + 56 + -37.
-18
1 + 6 - -6 - (-4 + 7 + 1)
9
What is ((3 - 6) + 3 - -6) + -16?
-10
Calculate -22 + -21 + 13 - -1.
-29
19 + 2 - (45 + -36) - -7
19
(14 - 38) + (-12 - -10)
-26
Evaluate 5 + 6 + -2 + -2 + 6.
13
What is 28 - (-15 + -32 + 91)?
-16
Evaluate -34 - -52 - (23 - 0).
-5
(-21 - (-9 - 42)) + (0 - 4)
26
(0 - (-4 - 7 - -12)) + (0 - -2)
1
Ca